{"id":52,"date":"2026-02-17T16:05:19","date_gmt":"2026-02-17T16:05:19","guid":{"rendered":"https:\/\/www.signatureroute.fr\/?page_id=52"},"modified":"2026-04-19T16:33:23","modified_gmt":"2026-04-19T16:33:23","slug":"services-tarifs","status":"publish","type":"page","link":"https:\/\/www.signatureroute.fr\/index.php\/services-tarifs\/","title":{"rendered":"Services &#038; Tarifs"},"content":{"rendered":"\n<p class=\"has-text-align-center has-heading-font-family has-x-large-font-size\">Am\u00e9nagement V\u00e9hicules<\/p>\n\n\n\n<div class=\"wp-block-group alignfull is-layout-flow wp-block-group-is-layout-flow\" style=\"padding-top:var(--wp--preset--spacing--50);padding-right:var(--wp--preset--spacing--50);padding-bottom:var(--wp--preset--spacing--50);padding-left:var(--wp--preset--spacing--50)\">\n<h2 class=\"wp-block-heading is-style-default\">1. Am\u00e9nagement complet<\/h2>\n\n\n\n<figure class=\"wp-block-table\"><table class=\"has-fixed-layout\" style=\"border-top-color:var(--wp--preset--color--base);border-right-color:var(--wp--preset--color--base);border-right-width:3px;border-bottom-color:var(--wp--preset--color--base);border-bottom-width:3px;border-left-color:var(--wp--preset--color--base);border-left-width:3px\"><tbody><tr><td><strong>Type de v\u00e9hicule<\/strong><\/td><td class=\"has-text-align-center\" data-align=\"center\"><strong>Prix<\/strong> <strong>\u20ac<\/strong><\/td><td><strong>D\u00e9lai estim\u00e9<\/strong><\/td><\/tr><tr><td>Fourgon L1 \/ Van 2-3 places<\/td><td class=\"has-text-align-center\" data-align=\"center\">15 000 \u2013 18 000<\/td><td>6 \u00e0 8 semaines<\/td><\/tr><tr><td>Fourgon L2 \/ Van 3-4 places<\/td><td class=\"has-text-align-center\" data-align=\"center\">18 000 \u2013 22 000<\/td><td>7 \u00e0 10 semaines<\/td><\/tr><tr><td>Fourgon L3 \/ Van 4-5 places<\/td><td class=\"has-text-align-center\" data-align=\"center\">22 000 \u2013 30 000<\/td><td>8 \u00e0 12 semaines<\/td><\/tr><\/tbody><\/table><\/figure>\n\n\n\n<h2 class=\"wp-block-heading is-style-default\">2. Prestations \u00e0 la carte<\/h2>\n\n\n\n<figure class=\"wp-block-table\"><table class=\"has-fixed-layout\" style=\"border-top-color:var(--wp--preset--color--base);border-right-color:var(--wp--preset--color--base);border-bottom-color:var(--wp--preset--color--base);border-bottom-width:3px;border-left-color:var(--wp--preset--color--base)\"><tbody><tr><td class=\"has-text-align-left\" data-align=\"left\"><strong>Prestation<\/strong><\/td><td class=\"has-text-align-center\" data-align=\"center\"><strong>Prix<\/strong> <strong>\u20ac<\/strong><\/td><td><strong>Description<\/strong><\/td><\/tr><tr><td class=\"has-text-align-left\" data-align=\"left\">Isolation + habillage<\/td><td class=\"has-text-align-center\" data-align=\"center\">2000 &#8211; 4000<\/td><td>Murs, plafond, plancher, finition PVC\/CP<\/td><\/tr><tr><td class=\"has-text-align-left\" data-align=\"left\">Menuiserie \/ meubles sur mesure<\/td><td class=\"has-text-align-center\" data-align=\"center\">3000 &#8211; 8000<\/td><td>Cuisine, lit, rangements, placards<\/td><\/tr><tr><td class=\"has-text-align-left\" data-align=\"left\">\u00c9lectricit\u00e9 compl\u00e8te<\/td><td class=\"has-text-align-center\" data-align=\"center\">1500 &#8211; 4000<\/td><td>Batterie, panneaux solaires, \u00e9clairage LED<\/td><\/tr><tr><td class=\"has-text-align-left\" data-align=\"left\">Eau &amp; gaz<\/td><td class=\"has-text-align-center\" data-align=\"center\">1000 &#8211; 2500<\/td><td>R\u00e9servoirs, pompe, robinetterie, gaz (homologation possible)<\/td><\/tr><tr><td class=\"has-text-align-left\" data-align=\"left\">Pose lanterneaux \/ fen\u00eatres<\/td><td class=\"has-text-align-center\" data-align=\"center\">500 &#8211; 1200<\/td><td>Selon nombre et dimensions<\/td><\/tr><tr><td class=\"has-text-align-left\" data-align=\"left\">Chauffage stationnaire<\/td><td class=\"has-text-align-center\" data-align=\"center\">800 &#8211; 1500<\/td><td>Essence ou diesel, installation compl\u00e8te<\/td><\/tr><\/tbody><\/table><\/figure>\n\n\n\n<h2 class=\"wp-block-heading is-style-default\">3. Options <\/h2>\n\n\n\n<figure class=\"wp-block-table\"><table class=\"has-fixed-layout\" style=\"border-top-color:var(--wp--preset--color--base);border-right-color:var(--wp--preset--color--base);border-bottom-color:var(--wp--preset--color--base);border-bottom-width:3px;border-left-color:var(--wp--preset--color--base)\"><thead><tr><th>Option<\/th><th>Prix \u20ac<\/th><\/tr><\/thead><tbody><tr><td>Kit modules amovibles (lit\/cuisine)<\/td><td>500 &#8211; 1500<\/td><\/tr><tr><td>Packs autonomie \u00e9lectrique<\/td><td>800 &#8211; 2000<\/td><\/tr><tr><td>Am\u00e9nagement sur-mesure luxe<\/td><td>Sur devis<\/td><\/tr><tr><td>Homologation VASP<\/td><td>500 &#8211; 1000<\/td><\/tr><tr><td>Main d\u2019\u0153uvre&nbsp;&nbsp;&nbsp;&nbsp;&nbsp;&nbsp;&nbsp;&nbsp;&nbsp;&nbsp;&nbsp;&nbsp;&nbsp;&nbsp;&nbsp;&nbsp;&nbsp;&nbsp;&nbsp;&nbsp;&nbsp;&nbsp;&nbsp;&nbsp;&nbsp;&nbsp;&nbsp;&nbsp;&nbsp;&nbsp;&nbsp;&nbsp;&nbsp;&nbsp;<\/td><td>90\/h<\/td><\/tr><\/tbody><\/table><\/figure>\n\n\n\n<h2 class=\"wp-block-heading is-style-default\">4. Conditions<\/h2>\n\n\n\n<ul class=\"wp-block-list\">\n<li>Devis personnalis\u00e9 obligatoire pour chaque v\u00e9hicule.<\/li>\n\n\n\n<li>Acompte : 30 &#8211; 50 % \u00e0 la commande (selon options).<\/li>\n\n\n\n<li>Solde \u00e0 la livraison.<\/li>\n\n\n\n<li>D\u00e9lais indicatifs selon disponibilit\u00e9 v\u00e9hicule et mat\u00e9riaux.<\/li>\n<\/ul>\n\n\n\n<div style=\"height:33px\" aria-hidden=\"true\" class=\"wp-block-spacer\"><\/div>\n\n\n\n<figure class=\"wp-block-image alignwide size-full is-style-rounded is-style-rounded--1\"><img loading=\"lazy\" decoding=\"async\" width=\"2366\" height=\"1004\" src=\"http:\/\/www.signatureroute.fr\/wp-content\/uploads\/2026\/02\/Capture-decran-2026-01-27-a-15.40.43.png\" alt=\"\" class=\"wp-image-27\" srcset=\"https:\/\/www.signatureroute.fr\/wp-content\/uploads\/2026\/02\/Capture-decran-2026-01-27-a-15.40.43.png 2366w, https:\/\/www.signatureroute.fr\/wp-content\/uploads\/2026\/02\/Capture-decran-2026-01-27-a-15.40.43-300x127.png 300w, https:\/\/www.signatureroute.fr\/wp-content\/uploads\/2026\/02\/Capture-decran-2026-01-27-a-15.40.43-1024x435.png 1024w, https:\/\/www.signatureroute.fr\/wp-content\/uploads\/2026\/02\/Capture-decran-2026-01-27-a-15.40.43-768x326.png 768w, https:\/\/www.signatureroute.fr\/wp-content\/uploads\/2026\/02\/Capture-decran-2026-01-27-a-15.40.43-1536x652.png 1536w, https:\/\/www.signatureroute.fr\/wp-content\/uploads\/2026\/02\/Capture-decran-2026-01-27-a-15.40.43-2048x869.png 2048w\" sizes=\"auto, (max-width: 2366px) 100vw, 2366px\" \/><\/figure>\n<\/div>\n","protected":false},"excerpt":{"rendered":"<p>Am\u00e9nagement V\u00e9hicules 1. Am\u00e9nagement complet Type de v\u00e9hicule Prix \u20ac D\u00e9lai estim\u00e9 Fourgon L1 \/ Van 2-3 places 15 000 \u2013 18 000 6 \u00e0 8 semaines Fourgon L2 \/ Van 3-4 places 18 000 \u2013 22 000 7 \u00e0 10 semaines Fourgon L3 \/ Van 4-5 places 22 000 \u2013 30 000 8 \u00e0 [&hellip;]<\/p>\n","protected":false},"author":1,"featured_media":0,"parent":0,"menu_order":2,"comment_status":"closed","ping_status":"closed","template":"page-no-title","meta":{"_kadence_starter_templates_imported_post":false,"footnotes":""},"class_list":["post-52","page","type-page","status-publish","hentry"],"_links":{"self":[{"href":"https:\/\/www.signatureroute.fr\/index.php\/wp-json\/wp\/v2\/pages\/52","targetHints":{"allow":["GET"]}}],"collection":[{"href":"https:\/\/www.signatureroute.fr\/index.php\/wp-json\/wp\/v2\/pages"}],"about":[{"href":"https:\/\/www.signatureroute.fr\/index.php\/wp-json\/wp\/v2\/types\/page"}],"author":[{"embeddable":true,"href":"https:\/\/www.signatureroute.fr\/index.php\/wp-json\/wp\/v2\/users\/1"}],"replies":[{"embeddable":true,"href":"https:\/\/www.signatureroute.fr\/index.php\/wp-json\/wp\/v2\/comments?post=52"}],"version-history":[{"count":19,"href":"https:\/\/www.signatureroute.fr\/index.php\/wp-json\/wp\/v2\/pages\/52\/revisions"}],"predecessor-version":[{"id":290,"href":"https:\/\/www.signatureroute.fr\/index.php\/wp-json\/wp\/v2\/pages\/52\/revisions\/290"}],"wp:attachment":[{"href":"https:\/\/www.signatureroute.fr\/index.php\/wp-json\/wp\/v2\/media?parent=52"}],"curies":[{"name":"wp","href":"https:\/\/api.w.org\/{rel}","templated":true}]}}